{"id":49,"date":"2020-02-02T10:55:12","date_gmt":"2020-02-02T10:55:12","guid":{"rendered":"https:\/\/www.hannelore-rexroth.de\/?page_id=49"},"modified":"2024-07-06T14:59:06","modified_gmt":"2024-07-06T14:59:06","slug":"vielseitig","status":"publish","type":"page","link":"https:\/\/www.hannelore-rexroth.de\/?page_id=49","title":{"rendered":"Vielseitig."},"content":{"rendered":"\n<p>Beruflich habe ich immer wieder neue Herausforderungen gefunden.<\/p>\n\n\n\n<p>Die Basis bilden die beiden Universit\u00e4tsabschl\u00fcsse, in Deutschland und den USA: <\/p>\n\n\n\n<ul class=\"wp-block-list\">\n<li>Diplom Oecotrophologin (Haushalts- und Ern\u00e4hrungswissenschaftlerin), Schwerpunkt Management <br>Justus Liebig Universit\u00e4t in Gie\u00dfen (1984-1989)<\/li>\n\n\n\n<li>Institution Management, Master of Science, M.S., Schwerpunkt Gerontology, Kansas State Universit\u00e4t in Manhattan, Kansas, USA (1989-1990)<\/li>\n<\/ul>\n\n\n\n<p>Danach folgten vielseitige beruflichen Meilensteine und T\u00e4tigkeitsfelder:<\/p>\n\n\n\n<p><strong><a href=\"https:\/\/www.hannelore-rexroth.de\/?page_id=335\" data-type=\"page\" data-id=\"335\">Heilpraktikerin (seit 2024) <\/a><\/strong>mit Schwerpunkten in Gesundheitsf\u00f6rderung, Pr\u00e4vention, Ern\u00e4hrungsberatung, Darmmikrobion und Bienenprodukten.<\/p>\n\n\n\n<p><\/p>\n\n\n\n<h3 class=\"wp-block-heading\">Gesch\u00e4ftsf\u00fchrerin      (Seit 2008)<\/h3>\n\n\n\n<div class=\"wp-block-media-text alignwide is-image-fill\"><figure class=\"wp-block-media-text__media\" style=\"background-image:url(https:\/\/www.hannelore-rexroth.de\/wp-content\/uploads\/2020\/02\/16D5762F-68A1-4F9C-8246-53C3EEEAC88C.jpeg);background-position:40% 50%\"><img loading=\"lazy\" decoding=\"async\" width=\"1024\" height=\"682\" src=\"https:\/\/www.hannelore-rexroth.de\/wp-content\/uploads\/2020\/02\/16D5762F-68A1-4F9C-8246-53C3EEEAC88C.jpeg\" alt=\"\" class=\"wp-image-139 size-full\" srcset=\"https:\/\/www.hannelore-rexroth.de\/wp-content\/uploads\/2020\/02\/16D5762F-68A1-4F9C-8246-53C3EEEAC88C.jpeg 1024w, https:\/\/www.hannelore-rexroth.de\/wp-content\/uploads\/2020\/02\/16D5762F-68A1-4F9C-8246-53C3EEEAC88C-300x200.jpeg 300w, https:\/\/www.hannelore-rexroth.de\/wp-content\/uploads\/2020\/02\/16D5762F-68A1-4F9C-8246-53C3EEEAC88C-768x512.jpeg 768w\" sizes=\"auto, (max-width: 1024px) 100vw, 1024px\" \/><\/figure><div class=\"wp-block-media-text__content\">\n<p class=\"has-normal-font-size\">f\u00fcr drei <a href=\"https:\/\/www.markusdiakonie.de\/start\">Standorte\/ H\u00e4user in Frankfurt am Main <\/a>mit Angeboten der Station\u00e4ren Kurzzeitig- und Langzeitpflege, Tagespflege, betreutes Wohnen und Ambulante Pflege.<\/p>\n\n\n\n<p><\/p>\n<\/div><\/div>\n\n\n\n<div class=\"wp-block-media-text alignwide\"><figure class=\"wp-block-media-text__media\"><img loading=\"lazy\" decoding=\"async\" width=\"240\" height=\"68\" src=\"https:\/\/www.hannelore-rexroth.de\/wp-content\/uploads\/2020\/02\/5C715134-B2A6-45BA-9C3B-5EE710CD2734.jpeg\" alt=\"\" class=\"wp-image-154 size-full\"\/><\/figure><div class=\"wp-block-media-text__content\">\n<p class=\"has-normal-font-size\"><a href=\"https:\/\/www.markusdiakonie.de\/start\" target=\"_blank\" rel=\"noreferrer noopener\">AGAPLESION MARKUS DIAKONIE gGmbH<\/a> <br><a href=\"https:\/\/www.markusdiakonie.de\/start\" target=\"_blank\" rel=\"noreferrer noopener\">Markus Service und Wohnen GmbH<\/a> &nbsp;&nbsp;&nbsp; <br>Gesellschaften im&nbsp;<a href=\"https:\/\/www.agaplesion.de\/start\" target=\"_blank\" rel=\"noreferrer noopener\">Gesundheitskonzern der Agaplesion gAG<\/a><\/p>\n<\/div><\/div>\n\n\n\n<p class=\"has-text-align-left\"><\/p>\n\n\n\n<p><\/p>\n\n\n\n<h3 class=\"wp-block-heading\">Verbandst\u00e4tigkeit<\/h3>\n\n\n\n<p><\/p>\n\n\n\n<p><a rel=\"noreferrer noopener\" aria-label=\"Diakonie Hessen (\u00f6ffnet in neuem Tab)\" href=\"https:\/\/www.diakonie-gap.de\/\" target=\"_blank\">Diakonie Hessen<\/a>:<br>Vorstand-Mitglied in der Arbeitsgemeinschaft f\u00fcr Evangelische Altenhilfe und Pflege (AGEAP) sowie Mitglied des Fachausschusses f\u00fcr Wirtschafts- und Pflegesatzfragen                 <br><\/p>\n\n\n\n<h3 class=\"wp-block-heading\">Ehrenamt<\/h3>\n\n\n\n<p>Imkerberaterin im <a href=\"https:\/\/www.imker-bensheim.de\/\">Imkerverein\/ Bienenz\u00fcchterverein Bensheim und Umgebung<\/a><\/p>\n\n\n\n<h2 class=\"wp-block-heading\">weitere wichtige Lebensstationen:<\/h2>\n\n\n\n<h3 class=\"wp-block-heading\">F\u00fchrungspositionen im Qualit\u00e4tsmanagement<\/h3>\n\n\n\n<p>Bereichsleitung f\u00fcr Qualit\u00e4tsmanagement sowie Projekte (2002-2008)<br>inkl. Zertifizierungen der Krankenh\u00e4user und der Standorte Wohnen &amp; Pflegen <br>der <a rel=\"noreferrer noopener\" aria-label=\"AGAPLESION  gemeinn\u00fctzige AG  (\u00f6ffnet in neuem Tab)\" href=\"http:\/\/WWW.agaplesion.de\" target=\"_blank\">AGAPLESION  gemeinn\u00fctzige AG <\/a><\/p>\n\n\n\n<p>Koordinatorin Qualit\u00e4tsmanagement (2000-2002)<br> im <a href=\"https:\/\/www.agaplesion-elisabethenstift.de\/\">Evang. Krankenhaus Elisabethenstift<\/a>, ein Unternehmen der Agaplesion gAG&nbsp;    <br><\/p>\n\n\n\n<h3 class=\"wp-block-heading\">Lehrauftr\u00e4ge an Fachhochschulen<\/h3>\n\n\n\n<p>Sudiengang \u00d6kotrophologie, an der Fachhochschule in Osnabr\u00fcck <br>Thema: \u201e\u00d6konomie des Gro\u00dfhaushalts\u201c      (Febuar 1998 &#8211; Juni 1999)     <br><\/p>\n\n\n\n<p> Fachbereich Hauswirtschaft und Ern\u00e4hrung an der Fachhochschule in Fulda, <br>Themen: \u201ePlanung, Gestaltung und Lenkung von GV-Systemen\u201c und      \u201eHaushaltsf\u00fchrung im Gro\u00dfhaushalt\u201c      (Oktober 1996 &#8211; Januar 1998)      <br><\/p>\n\n\n\n<h3 class=\"wp-block-heading\">F\u00fchrungspositionen  im Catering <\/h3>\n\n\n\n<p><br>Projekte &#8211; Akquise &#8211; Operative &#8211; Dienstleistungen  in sozialen Einrichtungen      als Verkaufsleiterin bei Clinic Catering Service GmbH  (1997 &#8211; 2000)      <\/p>\n\n\n\n<p>Projekte- und Operative- Betriebsgastronomie  in Wirtschaft und Industrie als Betriebsleiterin bei  Eurest Deutschland GmbH (1990 &#8211; 1996) <\/p>\n\n\n\n<p><\/p>\n","protected":false},"excerpt":{"rendered":"<p>Beruflich habe ich immer wieder neue Herausforderungen gefunden. Die Basis bilden die beiden Universit\u00e4tsabschl\u00fcsse, in Deutschland und den USA: Danach folgten vielseitige beruflichen Meilensteine und T\u00e4tigkeitsfelder: Heilpraktikerin (seit 2024) mit Schwerpunkten in Gesundheitsf\u00f6rderung, Pr\u00e4vention, Ern\u00e4hrungsberatung, Darmmikrobion und Bienenprodukten. Gesch\u00e4ftsf\u00fchrerin (Seit 2008) f\u00fcr drei Standorte\/ H\u00e4user in Frankfurt am Main mit Angeboten der Station\u00e4ren Kurzzeitig- und Langzeitpflege, Tagespflege, betreutes Wohnen und Ambulante Pflege. AGAPLESION MARKUS DIAKONIE gGmbH Markus Service und Wohnen GmbH &nbsp;&nbsp;&nbsp; Gesellschaften im&nbsp;Gesundheitskonzern der Agaplesion gAG Verbandst\u00e4tigkeit Diakonie Hessen:Vorstand-Mitglied in der Arbeitsgemeinschaft f\u00fcr Evangelische Altenhilfe und Pflege (AGEAP) sowie Mitglied des Fachausschusses f\u00fcr Wirtschafts- und Pflegesatzfragen Ehrenamt Imkerberaterin im Imkerverein\/ Bienenz\u00fcchterverein Bensheim und Umgebung weitere wichtige Lebensstationen: F\u00fchrungspositionen im Qualit\u00e4tsmanagement Bereichsleitung f\u00fcr Qualit\u00e4tsmanagement sowie Projekte (2002-2008)inkl. Zertifizierungen der Krankenh\u00e4user und der Standorte Wohnen &amp; Pflegen der AGAPLESION gemeinn\u00fctzige AG Koordinatorin Qualit\u00e4tsmanagement (2000-2002) im Evang. Krankenhaus Elisabethenstift, ein Unternehmen der Agaplesion gAG&nbsp; Lehrauftr\u00e4ge an Fachhochschulen Sudiengang \u00d6kotrophologie, an der Fachhochschule in Osnabr\u00fcck Thema: \u201e\u00d6konomie des Gro\u00dfhaushalts\u201c (Febuar 1998 &#8211; Juni 1999) Fachbereich Hauswirtschaft und Ern\u00e4hrung an der Fachhochschule in Fulda, Themen: \u201ePlanung, Gestaltung und Lenkung von GV-Systemen\u201c und \u201eHaushaltsf\u00fchrung im Gro\u00dfhaushalt\u201c (Oktober 1996 &#8211; Januar 1998) F\u00fchrungspositionen im Catering Projekte &#8211; Akquise &#8211; Operative &#8211; Dienstleistungen in sozialen Einrichtungen als Verkaufsleiterin bei Clinic Catering Service GmbH (1997 &#8211; 2000) Projekte- und Operative- Betriebsgastronomie in Wirtschaft und Industrie als Betriebsleiterin bei Eurest Deutschland GmbH (1990 &#8211; 1996)<\/p>\n","protected":false},"author":1,"featured_media":103,"parent":0,"menu_order":0,"comment_status":"closed","ping_status":"closed","template":"","meta":{"footnotes":""},"class_list":["post-49","page","type-page","status-publish","has-post-thumbnail","hentry"],"_links":{"self":[{"href":"https:\/\/www.hannelore-rexroth.de\/index.php?rest_route=\/wp\/v2\/pages\/49","targetHints":{"allow":["GET"]}}],"collection":[{"href":"https:\/\/www.hannelore-rexroth.de\/index.php?rest_route=\/wp\/v2\/pages"}],"about":[{"href":"https:\/\/www.hannelore-rexroth.de\/index.php?rest_route=\/wp\/v2\/types\/page"}],"author":[{"embeddable":true,"href":"https:\/\/www.hannelore-rexroth.de\/index.php?rest_route=\/wp\/v2\/users\/1"}],"replies":[{"embeddable":true,"href":"https:\/\/www.hannelore-rexroth.de\/index.php?rest_route=%2Fwp%2Fv2%2Fcomments&post=49"}],"version-history":[{"count":45,"href":"https:\/\/www.hannelore-rexroth.de\/index.php?rest_route=\/wp\/v2\/pages\/49\/revisions"}],"predecessor-version":[{"id":349,"href":"https:\/\/www.hannelore-rexroth.de\/index.php?rest_route=\/wp\/v2\/pages\/49\/revisions\/349"}],"wp:featuredmedia":[{"embeddable":true,"href":"https:\/\/www.hannelore-rexroth.de\/index.php?rest_route=\/wp\/v2\/media\/103"}],"wp:attachment":[{"href":"https:\/\/www.hannelore-rexroth.de\/index.php?rest_route=%2Fwp%2Fv2%2Fmedia&parent=49"}],"curies":[{"name":"wp","href":"https:\/\/api.w.org\/{rel}","templated":true}]}}